{"id":1470,"date":"2019-08-26T17:26:52","date_gmt":"2019-08-26T15:26:52","guid":{"rendered":"http:\/\/www.fslehramt.rwth-aachen.de\/Neu\/?page_id=1470"},"modified":"2022-12-19T19:50:18","modified_gmt":"2022-12-19T18:50:18","slug":"kontakt","status":"publish","type":"page","link":"https:\/\/www.fslehramt.rwth-aachen.de\/Neu\/?page_id=1470","title":{"rendered":"Kontakt"},"content":{"rendered":"<p><strong>Du m\u00f6chtest mit deiner liebsten Fachschaft Kontakt aufnehmen?<\/strong><\/p>\n<p>&nbsp;<\/p>\n<p>Hier sind die allgemeinen Kontaktdaten der Fachschaft Lehramt:<\/p>\n<p style=\"padding-left: 40px;\">Augustinerbach 2a,<\/p>\n<p style=\"padding-left: 40px;\">52062 Aachen<\/p>\n<p style=\"padding-left: 40px;\">fs@fslehramt.rwth-aachen.de<\/p>\n<p style=\"padding-left: 40px;\">W\u00e4hrend der Sprechzeiten sind wir au\u00dferdem unter folgender Nummer erreichbar:<\/p>\n<p style=\"padding-left: 40px;\"><span class=\"value\">+49 241 80 96118<\/span><\/p>\n<p>&nbsp;<\/p>\n<p>F\u00fcr alle Anfragen f\u00fcr Altklausuren:<\/p>\n<p><em>altklausuren@fslehramt.rwth-aachen.de<\/em><\/p>\n<p>&nbsp;<\/p>\n<p>F\u00fcr alle Anfragen zwecks der Einf\u00fchrungswoche:<\/p>\n<p><em>esag@fslehramt.rwth-aachen.de<\/em><\/p>\n<p>&nbsp;<\/p>\n<p>F\u00fcr alle Anfragen im Bereich Lehre:<\/p>\n<p><em>lehre@fslehramt.rwth-aachen.de<\/em><\/p>\n<p>&nbsp;<\/p>\n<p><strong>Social Media:<\/strong><\/p>\n<p><a href=\"https:\/\/instagram.com\/fachschaft7.2?igshid=1c4xp4xahttdh\">https:\/\/instagram.com\/fachschaft7.2?igshid=1c4xp4xahttdh<\/a><\/p>\n<p><a href=\"https:\/\/de-de.facebook.com\/Fachschaft7.2\">https:\/\/de-de.facebook.com\/Fachschaft7.2<\/a><\/p>\n","protected":false},"excerpt":{"rendered":"<p>Du m\u00f6chtest mit deiner liebsten Fachschaft Kontakt aufnehmen? &nbsp; Hier sind die allgemeinen Kontaktdaten der Fachschaft Lehramt: Augustinerbach 2a, 52062 Aachen fs@fslehramt.rwth-aachen.de W\u00e4hrend der Sprechzeiten sind wir au\u00dferdem unter folgender Nummer erreichbar: +49 241 80 96118 &nbsp; F\u00fcr alle Anfragen f\u00fcr Altklausuren: altklausuren@fslehramt.rwth-aachen.de &nbsp; F\u00fcr alle Anfragen zwecks der Einf\u00fchrungswoche: esag@fslehramt.rwth-aachen.de &nbsp; F\u00fcr alle Anfragen [&hellip;]<\/p>\n","protected":false},"author":1,"featured_media":0,"parent":0,"menu_order":0,"comment_status":"closed","ping_status":"closed","template":"","meta":{"_crdt_document":"","footnotes":""},"class_list":["post-1470","page","type-page","status-publish","hentry"],"jetpack_sharing_enabled":true,"_links":{"self":[{"href":"https:\/\/www.fslehramt.rwth-aachen.de\/Neu\/index.php?rest_route=\/wp\/v2\/pages\/1470","targetHints":{"allow":["GET"]}}],"collection":[{"href":"https:\/\/www.fslehramt.rwth-aachen.de\/Neu\/index.php?rest_route=\/wp\/v2\/pages"}],"about":[{"href":"https:\/\/www.fslehramt.rwth-aachen.de\/Neu\/index.php?rest_route=\/wp\/v2\/types\/page"}],"author":[{"embeddable":true,"href":"https:\/\/www.fslehramt.rwth-aachen.de\/Neu\/index.php?rest_route=\/wp\/v2\/users\/1"}],"replies":[{"embeddable":true,"href":"https:\/\/www.fslehramt.rwth-aachen.de\/Neu\/index.php?rest_route=%2Fwp%2Fv2%2Fcomments&post=1470"}],"version-history":[{"count":10,"href":"https:\/\/www.fslehramt.rwth-aachen.de\/Neu\/index.php?rest_route=\/wp\/v2\/pages\/1470\/revisions"}],"predecessor-version":[{"id":2523,"href":"https:\/\/www.fslehramt.rwth-aachen.de\/Neu\/index.php?rest_route=\/wp\/v2\/pages\/1470\/revisions\/2523"}],"wp:attachment":[{"href":"https:\/\/www.fslehramt.rwth-aachen.de\/Neu\/index.php?rest_route=%2Fwp%2Fv2%2Fmedia&parent=1470"}],"curies":[{"name":"wp","href":"https:\/\/api.w.org\/{rel}","templated":true}]}}