{"id":1150,"date":"2018-08-02T10:38:44","date_gmt":"2018-08-02T08:38:44","guid":{"rendered":"http:\/\/www.fslehramt.rwth-aachen.de\/Neu\/?page_id=1150"},"modified":"2025-08-25T18:25:55","modified_gmt":"2025-08-25T16:25:55","slug":"semesterprogramm","status":"publish","type":"page","link":"https:\/\/www.fslehramt.rwth-aachen.de\/Neu\/?page_id=1150","title":{"rendered":"Semesterprogramm"},"content":{"rendered":"\n<p class=\"wp-block-paragraph\">Hallo zusammen,<\/p>\n\n\n\n<p class=\"wp-block-paragraph\">wir sind das Referat f\u00fcr Semesterprogramm. \ud83d\ude42<\/p>\n\n\n\n<p class=\"wp-block-paragraph\">Zusammen mit unserem Team organisieren wir Events, Vortr\u00e4ge, Ausfl\u00fcge, Spieleabende, <a href=\"https:\/\/www.fslehramt.rwth-aachen.de\/Neu\/?p=2854\" data-type=\"post\" data-id=\"2854\">Partys<\/a>, etc. Wenn ihr Ideen, Vorschl\u00e4ge, R\u00fcckmeldung oder Lust mitzuarbeiten habt, schreibt uns gerne! \ud83d\ude42<\/p>\n\n\n\n<p class=\"wp-block-paragraph\"><em>mail: semesterprogramm@fslehramt.rwth-aachen.de<\/em><\/p>\n\n\n\n<div class=\"wp-block-group\"><div class=\"wp-block-group__inner-container is-layout-constrained wp-block-group-is-layout-constrained\">\n<h1 class=\"wp-block-heading\">Kommende Termine:<\/h1>\n\n\n\n<div class=\"wp-block-query is-layout-flow wp-block-query-is-layout-flow\">\n\n\n\n<div class=\"wp-block-query-no-results\">\n\n<p class=\"wp-block-paragraph\">Keine aktuellen Termine gefunden.<\/p>\n\n<\/div><\/div>\n<\/div><\/div>\n","protected":false},"excerpt":{"rendered":"<p>Hallo zusammen, wir sind das Referat f\u00fcr Semesterprogramm. \ud83d\ude42 Zusammen mit unserem Team organisieren wir Events, Vortr\u00e4ge, Ausfl\u00fcge, Spieleabende, Partys, etc. Wenn ihr Ideen, Vorschl\u00e4ge, R\u00fcckmeldung oder Lust mitzuarbeiten habt, schreibt uns gerne! \ud83d\ude42 mail: semesterprogramm@fslehramt.rwth-aachen.de<\/p>\n","protected":false},"author":4,"featured_media":0,"parent":246,"menu_order":3,"comment_status":"closed","ping_status":"closed","template":"","meta":{"_crdt_document":"","footnotes":""},"class_list":["post-1150","page","type-page","status-publish","hentry"],"jetpack_sharing_enabled":true,"_links":{"self":[{"href":"https:\/\/www.fslehramt.rwth-aachen.de\/Neu\/index.php?rest_route=\/wp\/v2\/pages\/1150","targetHints":{"allow":["GET"]}}],"collection":[{"href":"https:\/\/www.fslehramt.rwth-aachen.de\/Neu\/index.php?rest_route=\/wp\/v2\/pages"}],"about":[{"href":"https:\/\/www.fslehramt.rwth-aachen.de\/Neu\/index.php?rest_route=\/wp\/v2\/types\/page"}],"author":[{"embeddable":true,"href":"https:\/\/www.fslehramt.rwth-aachen.de\/Neu\/index.php?rest_route=\/wp\/v2\/users\/4"}],"replies":[{"embeddable":true,"href":"https:\/\/www.fslehramt.rwth-aachen.de\/Neu\/index.php?rest_route=%2Fwp%2Fv2%2Fcomments&post=1150"}],"version-history":[{"count":15,"href":"https:\/\/www.fslehramt.rwth-aachen.de\/Neu\/index.php?rest_route=\/wp\/v2\/pages\/1150\/revisions"}],"predecessor-version":[{"id":2975,"href":"https:\/\/www.fslehramt.rwth-aachen.de\/Neu\/index.php?rest_route=\/wp\/v2\/pages\/1150\/revisions\/2975"}],"up":[{"embeddable":true,"href":"https:\/\/www.fslehramt.rwth-aachen.de\/Neu\/index.php?rest_route=\/wp\/v2\/pages\/246"}],"wp:attachment":[{"href":"https:\/\/www.fslehramt.rwth-aachen.de\/Neu\/index.php?rest_route=%2Fwp%2Fv2%2Fmedia&parent=1150"}],"curies":[{"name":"wp","href":"https:\/\/api.w.org\/{rel}","templated":true}]}}